**2 - 5*v + v. Let o(i) = -i**2 - 2*i + 9. Let d be o(-4). Give l(d).
3
Suppose 0 = t - 3. Let g(s) = -s**2 - 5*s - 4. Let z be g(-4). Let d(v) = 2*v - t*v + z - 2 + 0*v. What is d(-5)?
3
Let r(g) = -g**3 - 38*g + g**2 + 38*g. What is r(0)?
0
Let z(x) be the first derivative of x**4/2 + x**3 - x**2 + 4*x - 2. What is z(-3)?
-17
Let h(p) = 6*p**3 - 2*p**2 + 7*p - 2. Let y(n) = 7*n**3 - n**2 + 7*n - 3. Let g(c) = 6*h(c) - 5*y(c). What is g(6)?
9
Suppose 0*m = 2*m. Let v(n) be the third derivative of n**6/360 - n**4/3 + n**3/3 + n**2. Let s(o) be the first derivative of v(o). Determine s(m).
-8
Suppose 0 + 2 = h. Let l = 8 - 7. Suppose h*t = -l + 5. Let z(f) = -f**3 + 3*f - 3. Calculate z(t).
-5
Let n(u) be the first derivative of -3*u**2 + u + 1. Let j be (1/1*-1)/1. What is n(j)?
7
Let k(a) = 12*a. Suppose 10*m = 3*m + 7. What is k(m)?
12
Let t(r) = -r - 12. Let s be ((-14)/(-4))/((-4)/8). Let b be t(s). Let j(n) = 3*n + 7. What is j(b)?
-8
Let b(d) be the first derivative of -d**2/2 - 4*d - 50. Determine b(-4).
0
Let c(r) = r**2 - 9*r. Suppose a - 3 = -4, a = i - 9. Give c(i).
-8
Let q(m) = -6*m**2. Let g(r) = -7*r**2. Let p(v) = 6*g(v) - 6*q(v). Calculate p(-1).
-6
Let i(p) = -p. Let h = 5 - 4. Let s(l) = 2*l - l - 4*l - 6. Let z(c) = h*s(c) - 5*i(c). Give z(5).
4
Let d(q) be the third derivative of q**5/60 - 5*q**4/24 + 7*q**3/6 - 3*q**2. Let s(i) = 5*i**2. Let t be 3/3 - (2 + -2). Let a be s(t). Give d(a).
7
Let w(a) = a**3 + 12*a**2 + 26*a - 11. Let h be w(-9). Let o(b) = -3*b - 3. Determine o(h).
3
Let x(c) be the first derivative of -c**2 + 2*c + 1/3*c**3 + 2. Calculate x(3).
5
Suppose 3*j - 3*h - 21 = -9, h + 9 = 2*j. Let b = -7 + j. Let s(i) = -i**3 - 2*i**2 - i. Give s(b).
2
Let h(k) = k**3 + k**2 - 1. Let r(j) = -6*j**3 - j + 12. Let x(y) = -5*h(y) - r(y). Determine x(5).
-2
Let b(g) = g + 5. Let v(h) = -1. Let n(q) = -b(q) - 3*v(q). Let m be n(-5). Let u(o) = 2*o**2 - 2*o - 2. Give u(m).
10
Let s(i) = -i**2 - i - 3. Suppose -43 = 4*w - 5*x, -5*x - 6 = -0*w + 3*w. Let z = w + 7. What is s(z)?
-3
Let k = 19 + -15. Suppose w = -u - 2 + k, 3*u = -w. Let d(s) = s**3 - 4*s**2 + 3*s + 3. What is d(w)?
3
Suppose u = 3*u. Let q(h) = -h**3 + 4*h - 2. Let d(v) = 2*v**3 - 7*v + 5. Let g = -4 - -1. Let i(p) = g*d(p) - 5*q(p). Determine i(u).
-5
Suppose 3*n = n + 6. Let b(u) = 4*u. Let z(s) = 5*s - 1. Let m(x) = n*z(x) - 4*b(x). Calculate m(-3).
0
Let b(a) be the second derivative of a**4/12 - a**3/2 - a**2/2 - 2*a. Let w(p) be the first derivative of b(p). Let i = 59 - 64. Determine w(i).
-13
Let m(k) = 1 - k + 3*k**2 - 3*k**2 - 4*k**3 - k**2. Let f = 10 - 13. Let c be (3 + -9 + 3)/f. Calculate m(c).
-5
Suppose -1 = 4*z - 9. Suppose 0 = 2*u - z. Suppose 4*x - 13 = -u. Let p(o) = -o**2 + 1. What is p(x)?
-8
Let g = -264 + 265. Let v(z) = -16*z + 3. Let l(c) = 33*c - 5. Let u(b) = -3*l(b) - 5*v(b). Give u(g).
-19
Let i(u) = u**3 + 4*u**2 + 2*u. Suppose 0 = 16*o - 11*o + 15. Calculate i(o).
3
Suppose -4 = 3*n - 1. Let k(f) = f**2 + f + 1. What is k(n)?
1
Let r(a) = 5*a**3 - 3*a**2 + a - 9. Let i(n) = -9*n**3 + 6*n**2 - 2*n + 17. Let m(l) = 4*i(l) + 7*r(l). Give m(4).
-15
Let o(b) = -b - 4. Let z be o(-5). Suppose -k - 3 - z = -4*y, 0 = -5*y + 10. Let c(m) = 0 + 4*m**2 - 5 - 5*m**2 + 4*m. What is c(k)?
-5
Suppose 0 = 7*r - 5 - 9. Let v(t) = -2*t**2 - 2. Give v(r).
-10
Let f(x) = x**3 + x**2 - 8. Suppose 0 = 6*a - 4*a. What is f(a)?
-8
Suppose 0 = 2*k + k + 27. Let o(w) = -w**3 - 8*w**2 + 9*w - 6. What is o(k)?
-6
Suppose 6*z - 60 = z. Let x(u) = -z*u + 12*u + 1 + 2*u**3 + 5*u**3. Determine x(1).
8
Let b(m) = m**2 - m + 4. Suppose a - 5*a = 16. Let k(d) = -d**2 - 5. Let p(o) = a*k(o) - 5*b(o). Determine p(5).
0
Let h(i) be the first derivative of i**2/2 + 3*i - 2. Let b(z) be the third derivative of -z**3/6 - 3*z**2. Let m(x) = 2*b(x) - h(x). What is m(-3)?
-2
Let d(t) = -5*t - 7. Let v be d(-1). Let p(i) = -i**2 - 3*i. Calculate p(v).
2
Let y(g) = -3*g**2 - 3*g. Let l(k) = 13*k**2 + 16*k + 1. Let m(c) = -2*l(c) - 9*y(c). Let w(j) = -j + 4. Let d be w(0). Calculate m(d).
-6
Let j(v) = v + 7. Let y = -11 - -5. What is j(y)?
1
Let x(d) be the first derivative of 7/24*d**4 - 1/30*d**5 + 0*d - 1/2*d**2 - 2/3*d**3 - 2. Let j(f) be the second derivative of x(f). What is j(4)?
-8
Let y(v) = 7*v**2 - 3*v + 2. Let w(b) = 3*b**2 - 2*b + 1. Let u = 17 - 19. Let k(s) = u*y(s) + 5*w(s). Determine k(3).
-2
Let x(f) = f**2 + 8*f. Let q be x(-8). Let v(r) = r**2 - 4. Give v(q).
-4
Let t be 19/(-38)*(-5 + 1). Let u(p) be the second derivative of p**5/20 - p**4/12 - p**3/6 + p**2/2 - p. Determine u(t).
3
Let v(t) = t**2 - 3*t - 3. Suppose 23 = -4*j + 3*l, -j - 1 = l - 4. Determine v(j).
7
Let a be 2/(-1)*(-1)/(-2). Let l(q) be the first derivative of 3*q**4/4 - 2*q**3/3 - q**2/2 - 4. Calculate l(a).
-4
Let j(r) = -12*r**2 + 2*r - 1. Suppose 2 = 2*p + 3*q, 0 = 2*p - 4*q - 0*q - 2. Determine j(p).
-11
Let x(w) = -w + w**3 - 2*w**3 - 3 - 4*w**2 + 0*w**2. Let i(v) = -v - 2. Let f be -2*3/(-3*1). Let a be i(f). Give x(a).
1
Let v(a) = 2*a**2 - a - 1. Suppose -5*h + 9 = -1. Let p be (h + 0)/(-8 + 7). Calculate v(p).
9
Let b(f) be the second derivative of f**6/120 + f**5/20 - f**4/8 - f**3/3 + 3*f**2 - 4*f. Let h(z) be the first derivative of b(z). Determine h(-3).
7
Let p(c) = 4 - 71*c**2 - 68*c**2 + 138*c**2 + 6*c. Calculate p(7).
-3
Let t(o) = o. Let v be t(-4). Let q = 3 + v. Let k(c) = -5*c**3 + 2*c + 1. Calculate k(q).
4
Suppose -5*u + 27 = -2*a, 7 = 3*a + 2*u - 0. Let k(x) be the first derivative of 8/3*x**3 - 3 - 1/2*x**2 - x. What is k(a)?
8
Suppose -k = -4*j - 0*j - 23, 0 = -k + 3*j + 19. Let c(f) be the second derivative of f**5/20 - 7*f**4/12 + f**3/6 - 7*f**2/2 + 2*f. Determine c(k).
0
Let o(w) = -w**3 + 4*w**2 - 3. Let z(a) = a + 8. Let x be z(-7). Suppose -2*r + 5 = -x. Calculate o(r).
6
Let i(u) = -9*u**2. Let t be (-38)/(-76) + 3/(-2). Give i(t).
-9
Let d(p) = 6*p**3 + p**2 - p - 1. Let h(t) = -7*t**3 - 2*t**2 + t + 1. Let c(g) = 3*d(g) + 2*h(g). What is c(-1)?
-5
Suppose -4*g + 1 = 9. Let x = 5 + g. Let p(t) = -3*t**3 - 6*t - t**3 + 2*t**2 - 3 + t + 5*t**x. What is p(-3)?
3
Let d(w) be the first derivative of -w**4/4 + 5*w**3/3 + 5*w**2/2 + 7*w + 3. Give d(6).
1
Let n(q) = -2 + 7*q - 3*q**3 - 4*q**2 + 1 - 5*q + 4*q**3. Calculate n(4).
7
Let b(o) = -3 + o**2 - 3 - 1. Suppose 4*g = -3*w + 12, g + 4*w + 0*w = 16. Determine b(g).
-7
Let o = 33 - 27. Let i(d) be the third derivative of -d**4/24 + d**3/3 + d**2. Give i(o).
-4
Let r(l) = 6 + 3*l**2 + 0*l + 5*l - 2*l**2 - 2*l**2. What is r(5)?
6
Let n(v) = v. Let s(b) = -3*b + 2. Let g(h) = -4*n(h) - s(h). Suppose -48 = -4*j - 16. Let f be j/(-6)*(4 + -1). Give g(f).
2
Let r(m) = -7*m**3 - m**2. Let w = -5 - -8. Suppose 5*z - 2*z = -w. Let a(o) = 2*o**3 + 2*o**2 + o. Let h be a(z). What is r(h)?
6
Let n(c) = c - 2. Let d(j) = -5*j**3 - j**2 - j - 1. Let i be (-3)/(-12) - 5/4. Let u be d(i). Determine n(u).
2
Let s(k) = -k**3 + 6*k**2 - 3*k - 6. Let y(a) = a - 3 - 1 + 2 - 7*a**2 + 7*a**3 - 6*a**3. Let i be y(7). Let x be s(i). Let c(l) = -2*l + 5. What is c(x)?
-3
Let w(h) be the first derivative of -h**4/4 - 3*h**3 - h - 36. Give w(-9).
-1
Suppose 0 = -3*r + 9 + 3. Let p(d) = -d**2 + 6*d - 1. Give p(r).
7
Let d(n) = n**3 + 7*n**2 + 11*n + 3. Let r(q) = q**3 + 7*q**2 + 10*q + 3. Suppose 2*w = w - 4*l + 20, 4*l = 16. Let b(v) = w*r(v) - 3*d(v). Calculate b(-6).
-3
Let d(b) = -b**3 - 4*b**2 + 3*b - 6. Let i be 15*5/((-50)/4). Let p = 5 + i. Let o = -6 - p. Give d(o).
4
Let u(x) be the third derivative of -x**6/360 - x**5/15 + x**4/8 - x**3/6 + 9*x**2. Let l(d) be the first derivative of u(d). Determine l(-8).
3
Let z(u) = -7*u**2 - 2*u - 1. Suppose 0 = b + 5, -2*b + 0*b + 2 = 4*a. Suppose -2*g - 17 - 10 = 5*r, -a*g - 18 = 3*r. Calculate z(g).
-6
Let n = -3 - -3. Let h(x) = -3 + n + 2*x - 4*x. Suppose 0*s - y + 7 = -5*s, 0 = -3*s + 5*y + 9. Calculate h(s).
1
Let w(f) = -f + 1. Let i(u) = -7*u + 11. Let k = -4 - -3. Let x(c) = k*i(c) + 5*w(c). Give x(5).
4
Let m(f) be the second derivative of f**5/20 + 5*f**4/12 + f**3/3 - f**2/2 + f - 6. Let z be (-14)/3 - (-1)/(-3). Give m(z).
-11
Suppose 2*y - 20 = -2*y. Suppose 2*r - 5 - 1 = 0. Suppose b = -r*b - 5*c + 5, -y*b - 5*c = 0. Let p(w) = -w**3 - 6*w**2 - 5*w - 6. Giv